 12 = 4*w. Let i = -6 - w. Let u(x) = -x**3 - 3*x**2 - 2*x + 1. List the prime factors of u(i).
7
Suppose -2*g = -3*h - 5725, -2*g + 16*h - 21*h + 5765 = 0. List the prime factors of g.
2, 5, 7, 41
Suppose 5*z - 875 = -2*l, -3*z + 581 + 300 = 2*l. Suppose -2*a + 7*a - l = 0. Suppose -2*i - 29 = -a. What are the prime factors of i?
2, 3, 5
Suppose -8*q + 13*q = 3*o - 11461, -2*o = q - 7645. List the prime factors of o.
2, 3, 7, 13
Let j be (-1)/(1 - 0) - -3. Suppose 0 = -3*t + j*n + 50, 4*t + 18 - 100 = -5*n. List the prime factors of t.
2, 3
Let g(m) = 122*m**2 + 18*m - 16. List the prime factors of g(-4).
2, 233
Suppose -4*u + 10 - 4 = -3*m, 0 = -2*m + u - 4. Suppose -7*o - 5*v + 37 = -3*o, -4*v = -3*o - 11. Let r = o - m. What are the prime factors of r?
5
Suppose -3*g + 4 = -2*z, 0 = -2*g + 13*z - 11*z. Suppose 6*r - 3*r = 0. Suppose g*f = -r*f + 220. What are the prime factors of f?
5, 11
Suppose -2*v - 2*c = -16 + 2, v - 15 = -5*c. Let j be (-8)/10*(-25)/v. Let d(y) = 8*y - 1. What are the prime factors of d(j)?
31
Suppose -28*r - 6048 = -42*r. What are the prime factors of r?
2, 3
Let b(x) = -5*x**3 - 11*x**2 - 3*x - 14. Let n(v) = 6*v**3 + 12*v**2 + 4*v + 15. Let z(d) = 7*b(d) + 6*n(d). What are the prime factors of z(6)?
2, 23
List the prime factors of (1/2)/(6 + 25858/(-4312)).
2, 7, 11
Let h(j) = j**3 - 6*j**2 + 3*j - 12. Let p be h(6). Suppose -2*y = -2*a - 388, p*y - 5*a + 381 = 8*y. List the prime factors of y.
193
What are the prime factors of -14 + 10 + (-2 - -59)?
53
Suppose 9*s - 445 = 2084. What are the prime factors of s?
281
Suppose 2*a + 2*a + 5556 = 4*m, -m + 3*a = -1395. Suppose u = 10*u - m. What are the prime factors of u?
2, 7, 11
Suppose -2*a + k + 1075 = 2*k, 5*a + 2*k = 2689. What are the prime factors of a?
7, 11
Suppose 5*p + 1 - 10 = 4*w, 5*p + 5*w = 45. Suppose -2*s + 479 = 4*i - p*s, 3*i - s = 358. What are the prime factors of i?
7, 17
Let n(i) = i**3 + 21*i**2 - 22*i - 75. List the prime factors of n(-20).
3, 5, 17
Suppose -4*d - 54 = -3*b - 2*d, -72 = -4*b + 4*d. Suppose -c - 3*u + 116 = b, -4*u + 352 = 4*c. List the prime factors of c.
83
Suppose 4*x - 3*l + 211 = 5*x, 2*l - 612 = -3*x. List the prime factors of x.
2, 101
Suppose 2*g - i - 6 = 0, 2*g - i - 6 = -2*i. Suppose -g*t = t - 68. Let v = t + -10. List the prime factors of v.
7
Suppose 0 = -5*c - 20, 0*j - 2*c - 12 = -j. Suppose -q = v - 22, -v = -2*q + j*q - 43. List the prime factors of -40*(-4 + q/6).
2, 5
Suppose -b = -3*y + 46, y = -4*b - b + 26. Let s be y/10*(-35)/7. List the prime factors of s/48 + (-122)/(-12).
2, 5
Let a(i) = 10*i + 130. What are the prime factors of a(-12)?
2, 5
Let f(h) = 2*h**2 + 9*h + 63. List the prime factors of f(-11).
2, 103
Let n = 26 + 22. Let q = n + 28. List the prime factors of q.
2, 19
Suppose z - 2 = 3. Let j(x) = 5 - 3 + z - 5*x - 3. What are the prime factors of j(-3)?
19
Suppose 9*c - 4*c = 0. Suppose 4*w + 0*w = l - 19, -2*w - 8 = c. Suppose -l*j + 48 = -0*j. What are the prime factors of j?
2
Let y(w) = -w**3 - 3*w**2 + 3*w + 4. Suppose h - 9 = -h - 3*k, 0 = -h - 2*k + 4. Suppose -25 = -i + h*i. List the prime factors of y(i).
3, 13
Let j(r) = -r**3 + 3*r**2 + 2*r - 3. Let w be j(3). Let f(d) = w - d + d - d**2 - 2 - 3*d**3. What are the prime factors of f(-1)?
3
Let a = -5 + 5. Suppose 0*l - 2*l = -240. Suppose 4*z + a*z = l. List the prime factors of z.
2, 3, 5
Suppose 4*j = -o - o + 4, 5*j + 4*o = 2. Let x(t) = 7*t**3 - 2*t**2 + t - 1. What are the prime factors of x(j)?
7
Let v(j) be the third derivative of 0*j + 1/24*j**4 + 16/3*j**3 + 0 - 5*j**2. What are the prime factors of v(0)?
2
Let a be ((-88)/12)/(4/(-6)). Suppose -2*t + 24 = -0*l + 4*l, 5*l = -4*t + 24. Suppose 27 = a*g - l*g. What are the prime factors of g?
3
Let w = 1157 - 687. List the prime factors of w.
2, 5, 47
Suppose x = -4*u - 4*x + 2716, -5*x - 20 = 0. What are the prime factors of u?
2, 3, 19
Let f(g) = -g**3 - 16*g**2 - 19*g + 36. List the prime factors of f(-19).
2, 5, 37
Let y = -1862 + 2679. List the prime factors of y.
19, 43
Suppose -5*a = -20, -a = 5*y - 2*y + 5. What are the prime factors of y/3*(-3 + 4 + -197)?
2, 7
Suppose -20 = 5*n, 4*m - 4*n - 19 = 5. Let s be (2 + 3)/(2/m). Let l = s - -7. List the prime factors of l.
2, 3
Let d be (-4)/(16/12) + 15. What are the prime factors of (-3)/(-5)*(-930)/d*-2?
3, 31
Let j(y) = -4*y**3 + 2*y**2 + 3*y + 2. Suppose -3*f + 150 = 2*f. Let o be (f/(-20))/((-6)/(-8)). What are the prime factors of j(o)?
2, 3
What are the prime factors of 4 + -1 - (-10312)/4?
29, 89
Suppose 5*u + j = -1, 4*j - 5 = -3*u + 2*j. What are the prime factors of u + (76 - (1 + -4))?
2, 3, 13
Let h be (64/(-12) + 3)*-3. List the prime factors of (h - 61)*(-4)/6.
2, 3
Suppose 0 = 8*d - 750 - 10162. What are the prime factors of d?
2, 11, 31
Let m be 4/(-6) - (-2940)/(-45). What are the prime factors of (m/15)/(-3 - 42/(-15))?
2, 11
Suppose -5*b + 5699 = -2*t + 1478, b - 843 = t. List the prime factors of b.
5, 13
Suppose m = -3*o - o + 24, -m + 19 = 3*o. Suppose d + 0*d + 5*b = 10, -3*d = b + 40. Let w = o - d. What are the prime factors of w?
2, 5
Let c(q) = q**3 + q**2 + 12*q + 11. List the prime factors of c(6).
5, 67
Suppose -3*g = -0*n - 5*n + 5405, -4*n = 5*g - 4361. What are the prime factors of n?
2, 271
Let h(n) = -4*n**3 + n**2. Let x be h(-1). Suppose 554 = x*u + 5*g + 49, 0 = 3*u - 5*g - 271. List the prime factors of u.
97
Let t(h) be the first derivative of h**3/3 - 6*h**2 + 16*h - 116. Let q be (22/4)/((-1)/(-2)). List the prime factors of t(q).
5
Let n(a) = -a**2 + 2*a + 6392. Let i be n(0). List the prime factors of (-2)/(-8) - i/(-32).
2, 5
List the prime factors of ((-8)/14 - (-87312)/112)*1.
19, 41
Let p be (-3)/(-6) - 204/8. Let s = p - -26. List the prime factors of s*3 - (13 + -41).
31
Suppose 206*r = 214*r - 4056. What are the prime factors of r?
3, 13
Let u(d) = -d**3 - 6*d**2 - 6*d + 7. Let z be u(-5). Let k(o) = -o + 6 + 3*o - z. What are the prime factors of k(4)?
2
Suppose -3*s = -3*q + 12 - 45, 3*s - 5*q - 41 = 0. Suppose 0*y - y + s = 0. What are the prime factors of y?
7
Suppose -2*d - 3350 = -2*y, 35*y - 4*d - 1678 = 34*y. List the prime factors of y.
2, 3, 31
Suppose 6*o - 32 = 3*o - 4*v, -4*o + 52 = 3*v. Let r = -15 + o. List the prime factors of 4*r - (8 + -6).
2
Let d(j) = -74*j + 39. What are the prime factors of d(-15)?
3, 383
Suppose -3*w = -3*i - 12, 3*w - 2*i - 12 = -0*w. Suppose 712 = 5*f + 5*l - 7*l, w*f = -l + 580. What are the prime factors of f?
2, 3
Suppose -33*c - 2*c = -110110. List the prime factors of c.
2, 11, 13
Let y = -254 + 341. List the prime factors of y.
3, 29
Suppose -h - 2*h + 1520 = -5*g, -2*g + 1513 = 3*h. Suppose 5*z - 5*b + h = 0, -5*z - 490 = -0*z - 2*b. Let q = -60 - z. List the prime factors of q.
2, 3
Suppose 0 = 4*f + u + 64, 52 = -4*f + u - 4. List the prime factors of (-370)/f + 4/(-6).
2, 3
Let t(l) be the third derivative of -l**6/120 + l**5/10 - l**4/8 + 4*l**3/3 + 3*l**2. Let o be 4 + 0/(0 + 1). List the prime factors of t(o).
2, 7
Suppose -4*o + 328 = 3*r, 4*r - 2*o + o - 450 = 0. Suppose -5*p + 2*i + 621 + r = 0, -2*p + 282 = 2*i. List the prime factors of p.
5, 29
Let i = -14 - -39. Let h = i - 6. List the prime factors of h.
19
Suppose -2*h + 4*o - 2 = 0, 5*h - 19 = o - 6. Suppose -h*s - 177 = -3*m, 3*m - 3*s + 153 = 6*m. What are the prime factors of m?
5, 11
Let d(m) = -2*m**2 + 15*m + 13. Let z be d(8). What are the prime factors of (-95)/20 + z + (-1566)/(-8)?
2, 7
Suppose y - 117 - 47 = 0. List the prime factors of 3/(12/y) + 5.
2, 23
List the prime factors of 7605/(-18)*24/(-20).
3, 13
Let w = -660 + 1004. List the prime factors of w.
2, 43
Let n(d) = -2*d**3 + d**2 - d + 2. Let z be n(4). Let q = 186 + z. List the prime factors of q.
2, 3
Let q be ((-28)/(-12))/(1/(-9)). Let l = q + 7. Let u = -11 - l. List the prime factors of u.
3
Let s be 21/(-12) + 6/8. Let y be (-2 + s)*(-44)/6. Let w = y - 0. What are the prime factors of w?
2, 11
Suppose -14 = -4*h + 2. Suppose -2*b = f, f + 4*b = h*f - 30. Suppose f*y - 4*y = 20. What are the prime factors of y?
2, 5
Suppose 4*z + 79 = -5. Let n = 99 - z. What are the prime factors of n?
2, 3, 5
Let b = -74 + 649. List the prime factors of b.
5, 23
Let l(q) = q**3 + 104. L